te?
True
Is 46343441 prime?
True
Is 57195421 a composite number?
True
Is 8178329 a prime number?
False
Is 278731289 a prime number?
False
Is 20450531 composite?
False
Is 3253429 composite?
True
Is 265953 a prime number?
False
Is 5543257 a composite number?
True
Is 1042214 a prime number?
False
Is 3239839 composite?
False
Is 272959 a composite number?
False
Is 12849611 a composite number?
True
Is 922191 composite?
True
Is 5633079 a composite number?
True
Is 28782419 composite?
False
Is 11688199 a composite number?
True
Is 29693227 composite?
False
Is 274156917 composite?
True
Is 4766233 prime?
False
Is 127431943 a prime number?
True
Is 199594091 composite?
True
Is 4173973 a prime number?
True
Is 2179901 prime?
False
Is 9620059 a composite number?
True
Is 3214977 a composite number?
True
Is 725105 prime?
False
Is 33299389 a prime number?
True
Is 1278443 composite?
True
Is 32007131 composite?
True
Is 33686957 composite?
False
Is 60556411 composite?
False
Is 28569689 a prime number?
True
Is 33478079 a composite number?
False
Is 63154999 a composite number?
False
Is 97182653 composite?
False
Is 4290991 a prime number?
True
Is 491581957 prime?
True
Is 526595 a prime number?
False
Is 257056361 prime?
True
Is 47163055 a prime number?
False
Is 2833837 prime?
True
Is 72552737 a prime number?
True
Is 264007 composite?
False
Is 3880241 prime?
True
Is 104964779 a prime number?
False
Is 68668331 prime?
False
Is 22641731 composite?
True
Is 498007045 composite?
True
Is 7500607 composite?
False
Is 13997537 a composite number?
False
Is 87755 a prime number?
False
Is 1030769 a composite number?
True
Is 1043851 a composite number?
True
Is 11234633 a prime number?
True
Is 1684283 a prime number?
True
Is 2414717 prime?
True
Is 30574183 composite?
False
Is 603119 prime?
False
Is 2578249 a composite number?
False
Is 2678321 prime?
True
Is 1269629 prime?
False
Is 41063991 composite?
True
Is 4451381 a prime number?
False
Is 5190397 composite?
True
Is 42625259 prime?
True
Is 277814291 composite?
True
Is 1240409 a composite number?
True
Is 24080915 prime?
False
Is 30648446 composite?
True
Is 5198027 a prime number?
True
Is 20583931 composite?
False
Is 63894217 a prime number?
False
Is 181403837 a prime number?
True
Is 370057 a prime number?
True
Is 10485269 prime?
False
Is 78478093 a prime number?
False
Is 276491 a prime number?
False
Is 97936403 a prime number?
True
Is 3605617 a prime number?
True
Is 33773537 composite?
True
Is 3803551 prime?
True
Is 1162193 a prime number?
True
Is 6634357 a prime number?
True
Is 11210219 composite?
True
Is 46124623 prime?
False
Is 192208129 a composite number?
True
Is 41062349 a composite number?
True
Is 64888651 a composite number?
False
Is 279383567 a composite number?
False
Is 2124139 a prime number?
True
Is 2471921 prime?
False
Is 125674135 a prime number?
False
Is 36456287 prime?
False
Is 11426479 a composite number?
False
Is 37362839 composite?
False
Is 27551287 prime?
False
Is 1143729005 composite?
True
Is 8906873 a prime number?
False
Is 489456563 a prime number?
False
Is 68521549 prime?
True
Is 729515 composite?
True
Is 1195066649 prime?
False
Is 3568309 a composite number?
True
Is 3438511 prime?
True
Is 296636279 a composite number?
False
Is 15359599 a composite number?
False
Is 20112743 a composite number?
True
Is 15302249 a prime number?
True
Is 317941583 a composite number?
True
Is 578649053 prime?
True
Is 84372713 composite?
False
Is 438751493 composite?
False
Is 1731491 a composite number?
False
Is 20812643 composite?
True
Is 121364311 a composite number?
False
Is 14912503 a prime number?
True
Is 32286685 a composite number?
True
Is 251067 a prime number?
False
Is 263227 a composite number?
False
Is 3115799 prime?
True
Is 1943101 a composite number?
False
Is 3453609 a composite number?
True
Is 2232137 a composite number?
True
Is 4002917 prime?
True
Is 701979973 a prime number?
True
Is 53548831 composite?
True
Is 109298701 prime?
True
Is 159027691 a prime number?
True
Is 6038647 composite?
True
Is 35247241 composite?
False
Is 208135423 a prime number?
True
Is 1072429 prime?
True
Is 118756903 a composite number?
False
Is 483631 a composite number?
True
Is 7253261 a prime number?
True
Is 7345181 a composite number?
False
Is 265096661 a composite number?
False
Is 86794514 composite?
True
Is 19480811 composite?
True
Is 2545271 a prime number?
True
Is 21362651 a composite number?
False
Is 105637667 composite?
False
Is 186298703 composite?
False
Is 32279933 prime?
False
Is 22214009 prime?
True
Is 84184019 prime?
False
Is 12240749 composite?
False
Is 806977 prime?
True
Is 27615013 composite?
True
Is 925847557 a composite number?
True
Is 7310701 prime?
True
Is 6006029 a prime number?
True
Is 896323 prime?
True
Is 514386439 composite?
True
Is 625890197 prime?
False
Is 142634119 a prime number?
False
Is 5461961 composite?
True
Is 57521509 composite?
False
Is 906743 composite?
True
Is 31267309 a composite number?
False
Is 175641949 prime?
False
Is 38301157 composite?
False
Is 2905673 a prime number?
False
Is 2859890665 composite?
True
Is 1870079 composite?
False
Is 134053851 composite?
True
Is 9516883 a prime number?
True
Is 28675993 a prime number?
True
Is 6576694 prime?
False
Is 1999259 a composite number?
True
Is 3735497 a composite number?
False
Is 4324413 prime?
False
Is 17510791 a prime number?
True
Is 93258629 prime?
False
Is 7972033 prime?
True
Is 4025741 a composite number?
True
Is 3013921 a composite number?
True
Is 22980457 a composite number?
False
Is 52453879 composite?
False
Is 40071371 prime?
True
Is 6830427 a prime number?
False
Is 158329127 a prime number?
False
Is 20125919 prime?
False
Is 125581 prime?
False
Is 35930239 prime?
False
Is 179244409 composite?
False
Is 5513227 a prime number?
True
Is 213595357 a prime number?
True
Is 3016483 composite?
False
Is 18362899 composite?
False
Is 522113 a prime number?
True
Is 11746499 composite?
False
Is 52061 prime?
False
Is 89299919 prime?
True
Is 970521 prime?
False
Is 19982101 a prime number?
False
Is 3645653 a prime number?
False
Is 837415 prime?
False
Is 566574611 prime?
False
Is 31886531 composite?
True
Is 33961 composite?
False
Is 1793843 a composite number?
False
Is 225078379 a prime number?
False
Is 4347799 a prime number?
True
Is 1062211 a prime number?
False
Is 96765499 composite?
True
Is 3435569 composite?
True
Is 2203909 a prime number?
False
Is 315351563 a prime number?
True
Is 52868107 a composite number?
False
Is 57473723 prime?
False
Is 278387467 a prime number?
True
Is 793274 a composite number?
True
Is 20320669 a prime number?
True
Is 258289 prime?
False
Is 31606739 composite?
True
Is 502003 prime?
False
Is 1158743 a prime number?
True
Is 52361983 composite?
False
Is 30120929 prime?
False
Is 2039126 a prime number?
False
Is 89336353 prime?
True
Is 6979381 a prime number?
True
Is 8260789 a prime number?
False
Is 7805981 composite?
False
Is 3519359 composite?
True
Is 32397373 a composite number?
False
Is 6309271 prime?
True
Is 3512497 a prime number?
False
Is 112928369 composite?
False
Is 6682133 a prime number?
True
Is 1286031 a prime number?
False
Is 78401 a composite number?
False
Is 2037689 composite?
False
Is 45786677 composite?
False
Is 829201 a prime number?
False
Is 28370029 a prime number?
True
Is 45325069 prime?
False
Is 12110797 a prime number?
True
Is 5565811 composite?
True
Is 3496861 prime?
False
Is 24630233 prime?
True
Is 147604493 composite?
False
Is 8340593 a prime number?
True
Is 6154301 a prime number?
True
Is 9829921 composite?
False
Is 1900253 prime?
True
Is 4869617 prime?
True
Is 5221451 prime?
True
Is 17514673 prime?
False
Is 103230563 prime?
False
Is 108103297 a prime number?
True
Is 10838983 prime?
False
Is 15266359 composite?
False
Is 9272927 a composite number?
False
Is 95517259 a composite number?
False
Is 7997447 composite?
False
Is 209991961 a composite number?
False
Is 10453321 composite?
False
Is 15577657 a composite number?
False
Is 5846731 prime?
False
Is 8716913 composite?
True
Is 1831321 a composite number?
True
Is 5470511 prime?
True
Is 3277427 a composite number?
False
Is 1343383 a composite number?
False
Is 50885657 composite?
False
Is 65025949 a composite number?
False
Is 69924787 a composite number?
True
Is 1441